10*v**2 - 23*v + 29. Calculate d(-12).
17
Let f(m) = 10*m - 87. What is f(9)?
3
Let n(v) = -v**2 + 12*v + 65. What is n(19)?
-68
Let z(b) = 3*b**2 + 7*b + 2. Give z(-5).
42
Let l(x) = -15*x - 25. Give l(3).
-70
Let s(x) = -6*x + 112. What is s(23)?
-26
Let y(r) = -r**2 - 13*r - 14. What is y(-10)?
16
Let s(i) = 16*i + 403. Determine s(-26).
-13
Let c(g) = -16*g + 821. What is c(51)?
5
Let x(i) = -i**3 + 19*i**2 - 5*i - 4. Determine x(19).
-99
Let o(z) = -8*z + 33. Determine o(5).
-7
Let t(s) = -2*s**3 - 7*s**2 - 6*s. What is t(-4)?
40
Let x(j) = -7*j - 4. Give x(-5).
31
Let g(i) = -i**3 - 16*i**2 - 7*i + 28. Give g(-14).
-266
Let u(n) = -5*n**2 + 26*n - 13. What is u(6)?
-37
Let j(a) = a**2 + a + 6. Calculate j(0).
6
Let c(f) = -f**3 + 8*f**2 + 3*f - 20. Give c(8).
4
Let v(p) = -p**2 + 13*p + 20. Determine v(14).
6
Let u(m) = 7*m - 2. Give u(-1).
-9
Let v(b) = b**3 - 29*b**2 - 29*b - 41. Calculate v(30).
-11
Let w(y) = y**2 - 14*y + 5. Determine w(9).
-40
Let w(g) = 5*g**2 - g. Give w(1).
4
Let g(s) = s**3 + 5*s**2 - 9*s - 7. Give g(-6).
11
Let m(y) = -y**3 + 3*y**2 - 5*y + 8. Calculate m(3).
-7
Let a(b) = 20*b + 376. Calculate a(-19).
-4
Let k(p) = p + 16. Give k(-11).
5
Let i(n) = -5*n**2 + 6*n + 8. Calculate i(-4).
-96
Let b(m) = m**3 - 4*m**2 - m - 1. What is b(2)?
-11
Let a(t) = t**3 - 10*t**2 - 14*t + 9. Give a(11).
-24
Let g(x) = -3*x + 36. Give g(13).
-3
Let n(s) = 32*s - 676. What is n(21)?
-4
Let x(l) = l**3 - 10*l**2 + 2*l - 7. Give x(10).
13
Let k(c) = 3*c**2 - 5*c - 6. Give k(3).
6
Let l(v) = -v - 16. Determine l(-13).
-3
Let c(r) = -2*r**2 + 8*r - 8. Calculate c(4).
-8
Let j(c) = -2*c**2 + 35*c + 14. Calculate j(11).
157
Let d(i) = i**3 + 8*i**2 + 4*i + 3. What is d(-2)?
19
Let l(z) = -5*z**2 - 11*z + 5. Calculate l(-5).
-65
Let s(z) = -z**3 - 5*z**2 + 3*z - 5. Calculate s(-6).
13
Let v(h) = 47*h**2 - 2*h + 2. Give v(1).
47
Let a(z) = z**2 - 10*z - 25. What is a(-7)?
94
Let f(v) = -v**3 - 5*v**2 - 6*v - 1. Give f(-4).
7
Let u(p) = -p**2 - 8*p - 5. Determine u(-6).
7
Let s(r) = r**2 - 9*r + 3. Give s(7).
-11
Let f(v) = v**2 + 7*v + 4. Determine f(-9).
22
Let o(w) = w**2 - 15*w - 36. What is o(16)?
-20
Let d(t) = -t**2 - 2*t + 2. Calculate d(1).
-1
Let v(x) = -x**3 + 6*x**2 - 2*x + 16. Give v(5).
31
Let g(t) = t**2 + t - 1. What is g(12)?
155
Let v(o) = o**2 - 6*o + 2. Calculate v(7).
9
Let p(n) = -n**2 + 4*n - 4. Calculate p(3).
-1
Let w(d) = -2*d**3 - 9*d**2 + 7*d + 4. Determine w(-5).
-6
Let h(y) = -y**2 + 10*y + 6. What is h(11)?
-5
Let q(m) = m**2 - 12*m - 53. Determine q(15).
-8
Let s(m) = -m**2 - 4*m + 14. What is s(-7)?
-7
Let d(l) = -l**3 + 12*l**2 - 26*l + 2. Give d(9).
11
Let y(i) = i**3 - 9*i**2 - 11*i. Determine y(9).
-99
Let b(d) = d**3 + 17*d**2 + 31*d + 18. Give b(-15).
3
Let b(p) = -p**3 + 18*p**2 - 18*p + 18. Give b(17).
1
Let u(n) = 3*n**2 + 13*n - 30. Calculate u(5).
110
Let s(y) = -2*y - 11. Give s(6).
-23
Let i(s) = -35*s + 491. Calculate i(14).
1
Let d(c) = 56*c + 12. Calculate d(0).
12
Let i(d) = d**3 - 6*d**2 + 4*d - 6. Give i(5).
-11
Let l(i) = -12*i - 12. Calculate l(4).
-60
Let d(c) = c**2 - 8*c - 44. Give d(14).
40
Let f(h) = -h**2 - 31*h - 47. Determine f(-28).
37
Let n(w) = -w**2 - 8*w + 2. Determine n(-6).
14
Let a(d) = -d**3 - 24*d**2 - 15. Calculate a(-24).
-15
Let v(i) = -5*i - 204. Give v(-40).
-4
Let v(y) = 2*y**2 - 11*y - 14. Give v(8).
26
Let x(n) = -n**3 - 15*n**2 + 2*n + 33. Give x(-15).
3
Let x(t) = -2*t**3 - 9*t**2 + 6*t + 7. Give x(-5).
2
Let y(m) = 3*m**2 - 23*m + 46. Determine y(2).
12
Let x(v) = -v**2 - 17*v - 3. Calculate x(-16).
13
Let r(b) = b - 9. Calculate r(8).
-1
Let r(o) = -27*o + 267. Calculate r(10).
-3
Let r(f) = f**3 - 17*f**2 - f + 20. Determine r(17).
3
Let l(i) = 2*i**2 - 3*i - 4. What is l(-3)?
23
Let r(s) = 7*s + 79. Calculate r(-9).
16
Let h(j) = 23*j + 139. Give h(-6).
1
Let y(b) = -4*b - 4. Give y(-4).
12
Let r(c) = 3*c - 16. Give r(6).
2
Let c(f) = -f**3 - 3*f**2 + 5*f - 4. What is c(-4)?
-8
Let w(j) = 4*j**2 - 16*j + 19. Give w(6).
67
Let x(k) = -8*k**2 - 4*k - 8. What is x(-2)?
-32
Let d(h) = -29*h**2 + 1. Give d(-1).
-28
Let f(z) = -z**3 - 2*z**2 - 13*z - 47. Give f(-3).
1
Let f(t) = 7*t - 270. Determine f(39).
3
Let o(l) = l**2 + 9*l + 4. Determine o(-9).
4
Let n(l) = 5*l + 100. Calculate n(-26).
-30
Let h(z) = -2*z - 10. Determine h(-8).
6
Let g(r) = -r**3 + 3*r**2 - r + 3. What is g(3)?
0
Let i(t) = -22*t + 6. Determine i(2).
-38
Let t(k) = 10*k - 88. Calculate t(9).
2
Let h(j) = -2*j - 6. What is h(-4)?
2
Let p(c) = c**3 - 7*c**2 - 9*c + 3. What is p(8)?
-5
Let k(n) = -3*n**2 + 31*n - 43. Calculate k(9).
-7
Let l(o) = 2*o**3 + 3*o**2 + 5*o + 3. What is l(-2)?
-11
Let o(w) = -w + 4. Determine o(7).
-3
Let b(q) = q**2 - 34*q + 68. Give b(33).
35
Let i(u) = -4*u - 31. Give i(-11).
13
Let s(d) = -179*d + 2151. What is s(12)?
3
Let x(d) = d**3 - 12*d**2 - 2*d + 17. Calculate x(12).
-7
Let z(p) = -2*p**2 + 9*p - 1. Give z(0).
-1
Let q(n) = -n**2 + 16*n + 27. Give q(18).
-9
Let d(w) = 2*w - 42. Determine d(0).
-42
Let l(q) = -12*q**2 + 3*q. Give l(-2).
-54
Let w(l) = l**3 - 4*l**2 + l + 1. Calculate w(4).
5
Let z(l) = l**2 - 7*l + 16. Calculate z(7).
16
Let c(p) = 83*p**3 - p**2 + 2*p + 1. Give c(-1).
-85
Let q(t) = t**2 - 12*t + 24. Determine q(10).
4
Let u(z) = 18*z - 28. Calculate u(4).
44
Let f(k) = k**3 - 11*k**2 + 9*k + 7. Determine f(10).
-3
Let s(m) = m**3 - 2*m**2 - 2*m. Calculate s(-2).
-12
Let t(r) = r + 17. Give t(-21).
-4
Let j(q) = q**2 + 13*q - 3. Give j(-14).
11
Let i(q) = -9*q - 401. What is i(-45)?
4
Let r(m) = -7*m + 2. What is r(2)?
-12
Let m(b) = -31*b**2 - b + 1. Calculate m(1).
-31
Let o(f) = -2*f**2 + 14*f - 9. Determine o(6).
3
Let n(m) = -2*m. Give n(0).
0
Let n(k) = k**2 - 13*k + 26. What is n(9)?
-10
Let c(j) = j**3 - 3*j**2 - 4*j + 12. Determine c(5).
42
Let o(x) = x**2 - 13*x - 19. Give o(14).
-5
Let b(k) = -3*k**2 + 6*k - 10. What is b(3)?
-19
Let u(x) = -x**2 - 35*x - 17. Determine u(-32).
79
Let i(q) = q**3 + 4*q**2 - 11*q + 4. Give i(-6).
-2
Let w(h) = h - 3. Give w(-4).
-7
Let k(f) = -5*f - 21. Give k(10).
-71
Let j(v) = 7*v**2 + 3*v + 1. Determine j(-2).
23
Let d(x) = -2*x + 7. What is d(2)?
3
Let d(p) = -2*p + 17. Calculate d(9).
-1
Let m(k) = k**3 - 5*k**2 + k + 6. What is m(6)?
48
Let y(x) = x**2 + 21*x - 12. What is y(-11)?
-122
Let d(s) = -s**3 - 3*s**2 + 3*s - 4. Give d(-3).
-13
Let g(m) = -15*m + 120. What is g(8)?
0
Let g(s) = 3*s + 89. What is g(-27)?
8
Let w(r) = -r**2 + 3*r + 2. Calculate w(4).
-2
Let d(q) = q**3 - 17*q**2 - 21*q + 12. Determine d(18).
-42
Let r(h) = h + 13. Calculate r(3).
16
Let h(t) = -t**2 + 21. Determine h(0).
21
Let y(z) = z**2 - 4*z + 3. What is y(-6)?
63
Let z(n) = n**2 + 2*n - 5. Give z(-7).
30
Let u(c) = -c**3 - 11*c**2 + 10*c + 10. Determine u(-12).
34
Let x(i) = 56*i. Calculate x(-1).
-56
Let u(h) = -h**2 + 6*h - 49. Calculate u(10).
-89
Let g(d) = d**3 + 10*d**2 - 41*d - 18. Determine g(-13).
8
Let v(x) = 10*x - 1. What is v(1)?
9
Let d(a) = 16*a - 4. Give d(-5).
-84
Let k(d) = -4*d - 83. Give k(-24).
13
Let x(c) = -c - 3. Determine x(-2).
-1
Let u(w) = 14*w. Calculate u(1).
14
Let h(v) = 2*v**3 + 7*v**2 + 3*v + 13. Give h(-4).
-15
Let i(o) = o**3 - 19*o**2 + o + 17. Give i(19).
36
Let a(z) = 3*z + 41. Determine a(0).
41
Let s(x) = -x + 24. What is s(28)?
-4
Let j(l) = -6*l + 3. What is j(2)?
-9
Let h(a) = -a**2 - 14*a + 60. What is h(-18)?
-12
Let y(p) = -p**2 + 48*p - 182. Determine y(44).
-6
Let t(z) = 4*z + 2. What is t(1)?
6
Let c(r) = 12*r - 2. Calculate c(1).
10
Let b(s) = -3*s**2 + 24*s + 11. Give b(9).
-16
Let h(o) = -o**3 + 9*o**2 - 9*o + 8. Calculate h(8).
0
Let v(d) = d**2 - d - 6. What is v(-3)?
6
Let a(d) = -15*d**2 + 4. Calculate a(-2).
-56
Let i(l) = 21*l - 4. Calculate i(-3).
-67
Let p(r) = r - 2. What is p(-11)?
-13
Let w(r) = -r + 26. What is w(8)?
18
Let c(m) = m**3 - 5*m**2 + 3. What is c(5)?
3
Let d(u) = u**3 - 2*u**2 + 4*u - 14. What is d(5)?
81
Let t(m) = -m**2 + 23*m - 118. Calculate t(10).
12
Let s(x) = 8*x - 25. Calculate s(4).
7
Let x(l) = -3*l**2 - 4*l - 1. Give x(-3).
-16
Let x(a) = -45*a**2 + 3*a - 2. Determine x(1).
-44
Let v(t) = 2*t**3 + 7*t**2 + 3. Determine v(-4).
-13
Let h(j) = -3*j**2 - 2*j + 2. Determine h(-2).
-6
Let k(x) = -x**3 - 6*x**2 + 9*x 